r of n and 27?
3
Suppose -4*z = 3*t - 420, -4*z = -6*z + 6. What is the greatest common divisor of 17 and t?
17
Suppose 0 = -2*z, 0 = 4*l + 6*z - z - 36. Let c = -176 + 266. Calculate the highest common divisor of l and c.
9
Let r(p) = p**2 + 9*p + 5. Let f be r(-10). What is the highest common factor of 30 and f?
15
Let k = 1 + -7. Let z = -4 - k. Suppose -4*b + 196 = r + 2*r, -z*r = b - 134. What is the greatest common divisor of r and 17?
17
Let n be -2 - -12 - (-3 + 7). What is the greatest common divisor of n and 2?
2
Let k = -9 - -17. Calculate the greatest common factor of k and 2.
2
Suppose d + 7*d - 88 = 0. Calculate the highest common divisor of 11 and d.
11
Let d be 1560/132 + 2/11. Calculate the highest common divisor of d and 48.
12
Suppose -13 = 4*s - 97. Let t(r) = -41*r + 7. Let z be t(-3). Suppose -101 - z = -q. What is the greatest common factor of s and q?
21
Let a = 66 - -22. Suppose 0*q - 4*q = -32. What is the greatest common factor of a and q?
8
Suppose 2*w + 7 = 15. Suppose z - 3*p = 25, 0 = -z + p - 0*p + 19. What is the highest common divisor of z and w?
4
Let m be ((-204)/(-17))/((-4)/(-2)). What is the greatest common divisor of m and 54?
6
Let z(d) = d**3 - 4*d**2 - 10*d + 10. Let i be z(7). Suppose l = i + 33. What is the highest common divisor of l and 48?
24
Let f = 2 - -4. Let q be f + ((-6)/3 - -2). What is the highest common factor of 6 and q?
6
Let t(l) = 3*l**2 + 3*l. Let v be t(-2). Let c be v/(-15) + (-42)/(-5). Calculate the greatest common factor of 8 and c.
8
Suppose 2 = 3*b - 7. What is the highest common divisor of b and 21?
3
Let f = -6 + 9. Suppose -f*d + 3 + 13 = k, 2*k = 2*d - 16. What is the greatest common factor of 4 and d?
2
Let t = 390 + -258. Suppose -t + 6 = -3*m. Suppose -3*u = -4*n - 58, 0*u - 4*u = 4*n - 40. Calculate the highest common divisor of m and u.
14
Let j(d) = -d**2 + 16*d + 4. Let y be j(16). Suppose 12 = -y*b + 52. What is the greatest common divisor of 50 and b?
10
Let y = -17 - -32. What is the greatest common factor of 120 and y?
15
Suppose -4*n - 3*f = -20, 0 = n + 4*f - f + 4. Calculate the highest common factor of n and 40.
8
Suppose 0 = 3*c, -3*s + s + 96 = c. Calculate the highest common factor of 16 and s.
16
Suppose 0*b + 264 = 2*b. Calculate the highest common divisor of 12 and b.
12
Suppose 2*r + c + c - 98 = 0, 0 = -r + 5*c + 43. Let x(a) = -a**3 - 5*a**2 - 6*a - 6. Let z be x(-5). What is the highest common divisor of r and z?
24
Suppose -3*y - 135 = -4*n - 0*n, -2*n = 3*y - 81. Suppose -28 - 92 = -5*u. What is the highest common divisor of n and u?
12
Let b = 33 + -25. What is the highest common divisor of 16 and b?
8
Let j be 4232/24 - (-2)/(-6). Suppose 64 = 2*k - 5*l, -3*l + 0*l + 54 = 3*k. Calculate the highest common factor of k and j.
22
Suppose 0 = 2*y - 5*j - 262, 4*y - 3*j - 496 = -0*y. Let g be 3*(-2 + (-20)/(-6)). Suppose -g*p + 25 = -19. What is the greatest common divisor of p and y?
11
Suppose 0 + 20 = 5*m. Suppose 0*i = m*i - 64. What is the greatest common divisor of i and 24?
8
Let l(y) = -y + 17. Let i be l(11). What is the highest common divisor of 9 and i?
3
Let q be 4*3/2 + -2. Let y(t) = -5*t - 2. Let i be ((-6)/(-15))/(1/(-5)). Let r be y(i). What is the greatest common factor of q and r?
4
Let d be (-66)/(-14) + 6/21. Suppose d*m + 4*y - 166 = 0, 4*m - 49 - 55 = 4*y. What is the greatest common factor of m and 75?
15
Suppose -5*b + 101 - 11 = 5*k, 4*k = -3*b + 68. What is the highest common factor of 154 and k?
14
Suppose 2 = -2*c + 6. Suppose -42 = 2*h + j, -5*h - c*j = 3*j + 115. Let n = 43 + h. Calculate the highest common factor of 8 and n.
8
Suppose -2*i + u + 67 = 0, 3*i = -6*u + 5*u + 98. What is the highest common factor of i and 33?
33
Let n(k) = -k**2 + 9*k + 11. Let u be n(10). Let f(z) = -2*z**3 - 4*z**2 - 2*z. Let w be f(-2). Calculate the highest common factor of u and w.
1
Let d(i) be the third derivative of 49*i**5/60 + i**4/8 + i**3/3 - i**2. Let v be d(-1). Calculate the greatest common factor of 120 and v.
24
Suppose u + 4*u = 80. Calculate the highest common divisor of 32 and u.
16
Suppose f = 2*w - 28, 0 = -15*f + 14*f - 2. What is the greatest common factor of w and 247?
13
Suppose 0 = -8*j - 6 + 38. What is the greatest common factor of j and 6?
2
Let x(d) = -d**3 - 9*d**2 - 12*d - 13. Let f be x(-8). What is the highest common divisor of 57 and f?
19
Let f be (14/(-4))/((-3)/(-6)). Let z = f + 11. Calculate the highest common factor of z and 32.
4
Suppose -n + 18 = 3*u, 4*n - n = 5*u - 16. Suppose -8*q = -n*q - 90. Calculate the highest common factor of q and 6.
6
Suppose -2*o + 9 = o. Let k be (-1)/(o/(-96) + 0). Calculate the highest common divisor of k and 80.
16
Let n = -89 - -91. What is the highest common divisor of n and 64?
2
Let g = -2 + 6. Suppose 0 = 2*v + s - 40, -7 = -v + g*s + 13. Let i = -12 + v. What is the highest common divisor of 8 and i?
8
Let s = -2 + 5. Suppose -60 = -3*t - s*h, 2*t - 59 = -h - 18. Let u(x) = 2*x - 13. Let g be u(10). Calculate the greatest common divisor of g and t.
7
Let d = 135 + -82. Calculate the highest common divisor of 53 and d.
53
Suppose 0 = -u - 4*y + 60, 2*u + 5*y + 0*y - 111 = 0. Calculate the highest common divisor of 12 and u.
12
Let d(h) = -5*h - 4. Let n be d(-5). Let l = n + -5. Suppose 0 = 5*w - 44 - l. Calculate the greatest common factor of 12 and w.
12
Suppose -5*j - 30 = -7*j. Calculate the highest common factor of 120 and j.
15
Let q(r) be the third derivative of -r**5/60 - 7*r**4/24 - r**3/6 - 3*r**2. Let m be q(-5). What is the greatest common factor of 9 and m?
9
Suppose 4*h - 555 = -2*u - 113, 3*h = -5*u + 349. Calculate the highest common factor of 27 and h.
27
Suppose -2*u - u = 0. Suppose -2*n = -2*y + 84, -2*n - 3*n = u. Calculate the greatest common divisor of 105 and y.
21
Suppose 3*z + 5 = 4*z. Suppose z = -5*i - 5*w, i - 3*w = 3*i + 1. Let d = 5 + i. Calculate the greatest common divisor of 15 and d.
3
Let p = -7 + 10. Suppose 0 = p*f + 2*f - 45. Let j = -8 - -44. Calculate the highest common factor of f and j.
9
Suppose -5*q - 5*u = -645, 103 + 29 = q - 2*u. Calculate the greatest common factor of 26 and q.
26
Let b(z) = z**3 + 7*z**2 + 8*z - 4. Let x be b(-6). Let o = 32 + x. Suppose 2*s - 48 = -m, -2*s = -5*s - m + 72. What is the highest common factor of s and o?
8
Let z(a) = a**2 + 6*a + 5. Let n be z(5). Let x = -213 - -303. What is the greatest common factor of x and n?
30
Let p = 113 - 57. What is the highest common divisor of 84 and p?
28
Let f be -2 - ((-174)/15)/((-1)/(-5)). What is the greatest common divisor of f and 504?
56
Let m be (1/1)/((-2)/6). Let c be 1 + m - (-1 + -13). Calculate the highest common factor of c and 60.
12
Let d be (56/35)/(6/15). Let q = 6 + -8. Let u be (6/q + 1)*-2. What is the greatest common divisor of d and u?
4
Let o = -22 - -37. Calculate the highest common factor of o and 60.
15
Let m be (-526)/(-18) + 3/((-81)/6). Calculate the highest common factor of m and 261.
29
Let i(g) = g - 7. Let l be i(7). Let m = 35 - 23. Let v = m + l. What is the greatest common divisor of 12 and v?
12
Let v(s) = 2*s - 2. Let f be v(2). Suppose -f - 1 = g. Let q be ((-6)/8)/(g/60). Calculate the highest common divisor of 45 and q.
15
Suppose 2*o + 2*s = 8, 0 = o - s - 4*s - 28. Let a(c) = 49*c**2 - c. Let p be a(1). Calculate the greatest common factor of p and o.
8
Suppose 10*u - 30 = 60. What is the highest common divisor of u and 6?
3
Let d be 7 - 4 - 2/((-2)/23). What is the highest common factor of d and 26?
26
Let s be (-276)/(-15) + (-2)/5. Suppose 3*z - 4 = 2. Calculate the greatest common divisor of z and s.
2
Let f be (39/6)/(1/2). Let b = -570 + 830. Suppose 0 = -5*m - 0 + b. Calculate the greatest common factor of m and f.
13
Let q be 1/4 + (-15)/(-4). Let w(z) = -z + 14. Let t be w(12). Suppose t*l + 4 = -3*r, 4 = -l - 3*l - q*r. What is the highest common factor of 1 and l?
1
Let z = 23 + -14. Calculate the highest common factor of z and 1.
1
Let j = -9 - 3. Let i be (-4)/10*(j + -3). What is the greatest common divisor of i and 2?
2
Let k be 4/(-6)*(-9)/(-6). Let p be (k + 3)*4/2. Suppose 0 = 3*j - 0*j + 5*r - 147, 0 = -3*j - r + 135. What is the highest common factor of p and j?
4
Let t be -3 + 